427. Suppose 8*j - 525 + n = 0. What is the greatest common factor of 13 and j?
13
Suppose 283*c - 6*r = 280*c + 52674, 5*c - r - 87844 = 0. Calculate the greatest common divisor of 30 and c.
10
Let h be (-1 - 0)*(179 + -195). Calculate the greatest common divisor of 44 and h.
4
Suppose -415 = -7*k - 1465. Let l = k - -177. What is the highest common divisor of l and 837?
27
Let l be 1 - (-1085)/(-4 + 9). Let p = -136 + l. Let s = p - 32. Calculate the highest common factor of s and 10.
10
Let b(w) = 63*w - 561. Let k be b(11). Suppose -6*s + 12 + 60 = 0. Calculate the greatest common divisor of k and s.
12
Suppose -31*v - 26*v + 123 = -16*v. Suppose j + 135 = 6*j. What is the greatest common divisor of j and v?
3
Suppose 365 = 4*k + 173. Let u = -111 - -175. Calculate the highest common factor of u and k.
16
Let z(a) = -128*a + 632. Let t be z(2). What is the highest common divisor of t and 846?
94
Let v(s) = s**3 - 54*s**2 + 62*s - 377. Let k be v(53). What is the greatest common factor of 575 and k?
25
Let w(q) = -q**3 - 26*q**2 + 24*q + 9. Let x be w(-27). Suppose -52*u = -20*u - 640. What is the greatest common factor of u and x?
10
Let f(w) = w**3 + 6*w**2 - 4*w + 6. Let g be f(-6). Let t = 11 + -17. Let j be (3600/(-140))/(t/28). What is the highest common divisor of g and j?
30
Let t = 56 + -42. Let m(p) = -4 + 353*p - 170*p + 12*p**3 - 178*p - p**2. Let b be m(2). What is the greatest common divisor of t and b?
14
Let o = 14200 + 30626. What is the greatest common divisor of o and 186?
186
Let x be 33/55*-4*-45. What is the greatest common divisor of 81 and x?
27
Let b be 3/(-1) - 6/(-2). Suppose 10 = 2*a, -4*y + b*a = -a - 183. Suppose -5*m - y = -172. Calculate the greatest common divisor of 225 and m.
25
Let f(w) = -w**2 + 17*w - 7. Let x be f(17). Let b be (68/5)/(((-35)/25)/x). What is the highest common factor of b and 85?
17
Let g be (19920/(-1162))/((-2)/14). Calculate the highest common factor of 780 and g.
60
Suppose 7069*g = 7066*g + 564. Calculate the greatest common divisor of g and 4.
4
Let v = 3413 - 3259. What is the greatest common factor of v and 112?
14
Let r = -1782 - -1790. Calculate the greatest common factor of r and 49.
1
Let v(g) = 49*g**2 + 5*g - 4. Let b be v(-3). Let p be (b/(-6))/((-8)/360) - 1. Let o be 4/22 + p/22. Calculate the highest common factor of o and 18.
18
Let c be ((-74060)/138)/((-6)/(-15) - (-106)/(-240)). Calculate the greatest common factor of 92 and c.
92
Suppose 2*w - 5*w = 0. Suppose 3*g + w = 12. Let l = 13 - -7. What is the greatest common divisor of l and g?
4
Suppose -10*x + 15*x + v = 13, -4*x - 3*v = -17. What is the greatest common factor of 702 and x?
2
Let l = 132 + -90. Suppose 2*y + l = 458. Suppose -2*v + 84 - 32 = 0. Calculate the greatest common divisor of v and y.
26
Suppose 96 = 8*p - 16. Suppose 3*f + p = 4*m + 25, -3*f + 5*m = -10. What is the highest common divisor of 45 and f?
5
Let y(h) = -h**2 + h + 40. Let z be y(6). What is the highest common factor of 5 and z?
5
Suppose 4 = 2*o, -5*d = -6*o - 2879 + 241. What is the greatest common divisor of 742 and d?
106
Suppose -4 = 5*x - 3*q + 1, 3*x - 4*q - 8 = 0. Let p = -234 - -350. Let l be ((-2)/x)/(2/p). What is the greatest common factor of l and 58?
29
Let u be (-105)/((-14)/12 - 15/(-90)*6). Calculate the highest common divisor of u and 36.
18
Let b(k) = k**3 + 13*k**2 - 15*k - 4. Let z be b(-14). Let u be (-2 + 8)*z*(-25)/(-20). Calculate the greatest common factor of u and 175.
25
Let u(k) = k**2 - 2*k - 21. Let y be u(8). Let b be y + (1 - -6) + -4. Calculate the greatest common factor of b and 80.
10
Suppose 0 = 26*b - 9 - 230 - 47. Calculate the highest common divisor of b and 11.
11
Suppose 63*u = 82*u - 2280. Suppose -2*z = i - u, 2*i + 3*i = 0. Let f = 28 + 2. Calculate the greatest common factor of f and z.
30
Let h be 1 + (16914/21)/((-4)/(-14)). What is the highest common divisor of 15 and h?
15
Let x = 3359 - 2919. What is the highest common divisor of 3135 and x?
55
Let p be (-4 - 0)*(42/12 + -4). Let t(m) = 7*m - 17. Let g be t(p). Let y be -5 - g - (-15 + 3 + 0). What is the highest common factor of 8 and y?
2
Let t = 4 - 2. Let p(n) = -3*n**2 + 21*n - 16. Let a be p(6). Let r be 9/(1 + a) + 15 + -4. What is the highest common divisor of r and t?
2
Let g = -673 + 680. Suppose g*s - 4*s - k - 3235 = 0, -2 = -k. What is the highest common factor of s and 13?
13
Let c be 1*((-16)/(-10) - (-20)/50). Let w be c*(-9)/18 - (1 + -70). What is the greatest common factor of 119 and w?
17
Suppose -3*a = 2*p - 1021, 1097 = -5*p + 2*a + 3659. Let b = p - 438. Calculate the highest common divisor of b and 888.
74
Suppose l + 289 = 4*d, 0*l - 3*l + 3*d = 840. Let o = -237 - l. Calculate the greatest common divisor of o and 260.
20
Let y = 832169 + -831945. Let s(c) = -41*c**3 + 1. Let x be s(-1). What is the greatest common factor of y and x?
14
Suppose -7 + 2 = 5*o, 5*v - 573 = 3*o. Let m = 11 - 5. Suppose m*s - 2*s = -4*n + 64, s + 41 = 2*n. What is the greatest common factor of v and n?
19
Suppose -4*a + 8 = 4*q, 2*q = 3*a - 0*a + 4. Let m be (-2 - 21/(-12)) + 11828/16. Suppose -14*n + m = 263. Calculate the greatest common factor of q and n.
2
Let u = -6428 + 6433. Calculate the highest common divisor of u and 5.
5
Suppose 5*u = -2*o + 11, 0 = -2*u + 70*o - 71*o + 4. Suppose -2*f + 9 = -21. Let d = 27 - f. What is the greatest common factor of d and u?
3
Suppose 9*p = 5*p + 6*i + 232, -p - 4*i + 69 = 0. What is the greatest common divisor of p and 4087?
61
Let s be (-2)/65 - 26008/(-260). What is the greatest common factor of s and 3750?
50
Let s = -35 - -99. Let o be 590/(-75)*-3 + (-2)/(-5). Suppose o = 47*y - 44*y. What is the highest common divisor of y and s?
8
Let l(j) = -1310*j - 7545. Let a be l(-9). What is the highest common divisor of a and 75?
15
Suppose -251 + 178 = 4*i - 381. Let j = 2 + 5. What is the highest common divisor of j and i?
7
Suppose 3*o = 3*p + 18, -15*o + 3*p = -13*o - 17. Let n = 32 + -6. What is the highest common factor of o and n?
1
Let j(u) be the third derivative of -7*u**4/24 + 5*u**3/6 - 9*u**2. Let c be -2 + (-1 - 0) - -1. Let v be j(c). What is the highest common divisor of 152 and v?
19
Let a = -9611 - -13940. Calculate the greatest common factor of 234 and a.
117
Let v be 72/20 + 0 - 6/(-15). Suppose 2*s + 2*s - 242 = 3*t, -2*t + 252 = v*s. Calculate the greatest common factor of 2 and s.
2
Let t be (330/10)/(39/52). What is the highest common factor of t and 77?
11
Let o be (-25)/(1 + 4204/(-4197)) - 180/630. Calculate the highest common factor of 13 and o.
13
Let f(y) = y**2 - 247*y - 2555. Let a be f(-10). Calculate the greatest common divisor of 20925 and a.
15
Suppose -5*f + q + 2*q + 651 = 0, -3*f + q = -393. Let o(w) = w**3 - 35*w**2 + 37*w + 96. Let j be o(34). What is the highest common factor of f and j?
66
Let d = -79 - -85. Let l be (225/(-10) + d)*-18. Calculate the highest common factor of l and 11.
11
Let n be (-44)/(-7) + 8/(-28). Suppose 2*t - 75 = -s + 163, -4*t + 3*s = -486. Let u = t - 102. What is the greatest common divisor of n and u?
6
Suppose 736*n + 9029 = 777*n - 61819. Calculate the highest common divisor of n and 504.
72
Let v be 57/12 + 2/8. Suppose -75 = v*y - 400. Let x = -20 + y. Calculate the highest common factor of x and 180.
45
Let c = 354 - 319. Suppose -c*b = -1021 + 321. What is the greatest common factor of 28 and b?
4
Let n = 81 + -47. Let b be 138/(-4) - (-18)/36. Let k be (b/12)/(58/(-696)). Calculate the highest common factor of k and n.
34
Let f be (-75)/(-4) + (-2)/(-8). Let v = -130 + 149. Calculate the greatest common factor of v and f.
19
Let a be (-18)/45 + 3654/35. Suppose -a - 176 = -14*m. Calculate the greatest common factor of 140 and m.
20
Let c(x) = 253*x - 110. Let k be c(1). Calculate the greatest common divisor of k and 473.
11
Let z(y) be the third derivative of -9*y**4/4 + 4*y**2. Let l be z(-10). Suppose -8*p - 36 = -l. What is the highest common factor of p and 9?
9
Suppose 8*a - 10*a - 2*w + 174 = 0, 5*a = 5*w + 475. Calculate the greatest common divisor of a and 2093.
91
Let x be -28*((-111)/74)/(3/239). What is the greatest common divisor of 42 and x?
14
Let k(u) = -u**3 - u**2 - u + 1. Let z be k(0)